or of 2846079840?
True
Is 600 a factor of 634491000?
True
Is 19 a factor of 80940950?
True
Is 28686 a multiple of 683?
True
Is 274622196 a multiple of 4?
True
Is 352280152 a multiple of 56?
True
Does 48 divide 650377104?
True
Is 301 a factor of 1262258851?
True
Is 6068 a factor of 242070262?
False
Is 18372840 a multiple of 34?
False
Is 5019 a factor of 2779067812?
False
Is 128 a factor of 109230848?
True
Does 617 divide 5458599?
True
Does 5124 divide 559999175?
False
Does 1608 divide 17914728?
True
Is 14 a factor of 34831734?
True
Is 3444 a factor of 424224296?
False
Does 896 divide 9940224?
True
Is 183237288 a multiple of 24?
True
Does 365 divide 2075073506?
False
Does 718 divide 335373492?
True
Does 320 divide 253447779?
False
Does 1554 divide 44801779?
False
Is 20 a factor of 786192660?
True
Does 3719 divide 789692460?
True
Is 158247026 a multiple of 2726?
True
Is 95107352 a multiple of 1868?
True
Is 424857212 a multiple of 50?
False
Is 132 a factor of 845844516?
True
Does 2 divide 405549695?
False
Does 262 divide 218887890?
False
Is 1154576423 a multiple of 13?
True
Is 2770929240 a multiple of 41?
True
Does 32 divide 15520283?
False
Is 48713272 a multiple of 23?
False
Is 155 a factor of 993911615?
True
Is 569838510 a multiple of 90?
True
Is 735 a factor of 63199250?
False
Is 38 a factor of 53991705?
False
Is 134888572 a multiple of 637?
True
Is 8938556 a multiple of 492?
False
Does 1475 divide 2184342250?
True
Does 77 divide 14683746?
True
Is 331724008 a multiple of 77?
True
Does 905 divide 57049464?
False
Is 2208 a factor of 202615159?
False
Is 7 a factor of 60816508?
False
Is 1808 a factor of 106468912?
False
Is 9411 a factor of 994008642?
True
Is 164 a factor of 3680504111?
False
Does 10 divide 58594890?
True
Does 207 divide 68316781?
False
Does 16 divide 135333735?
False
Is 39196152 a multiple of 136?
True
Is 4705121 a multiple of 105?
False
Is 3803375647 a multiple of 50?
False
Is 228773160 a multiple of 24?
True
Is 2107 a factor of 218342089?
True
Is 1062552810 a multiple of 1324?
False
Does 8 divide 2419127398?
False
Is 11256371 a multiple of 14?
False
Is 2167399 a multiple of 13?
True
Is 298851410 a multiple of 22?
True
Does 32 divide 10439694?
False
Is 86 a factor of 12124674?
False
Does 94 divide 154521806?
True
Does 426 divide 67952055?
False
Does 10 divide 4683323560?
True
Is 64439145 a multiple of 13?
False
Is 33911638 a multiple of 56?
False
Does 587 divide 9232923?
True
Is 2 a factor of 988199?
False
Is 1142694002 a multiple of 14079?
False
Is 515 a factor of 17541082?
False
Does 15 divide 65214376?
False
Does 102 divide 249784944?
True
Is 5861187 a multiple of 23?
False
Is 12838501 a multiple of 1355?
False
Is 39320461 a multiple of 160?
False
Is 30 a factor of 39105240?
True
Does 13 divide 549634891?
True
Is 49 a factor of 9218749?
False
Is 14655530 a multiple of 117?
False
Is 16895035 a multiple of 373?
True
Does 423 divide 3434034555?
True
Does 1456 divide 17266685?
False
Does 8 divide 11341063?
False
Is 153 a factor of 943393797?
False
Does 32 divide 44600256?
True
Does 47 divide 3726727?
False
Does 11 divide 105771908?
True
Is 4940919690 a multiple of 2345?
True
Is 282 a factor of 1031824464?
True
Is 427 a factor of 3135946156?
False
Is 12 a factor of 4881058?
False
Does 24 divide 45880992?
True
Does 784 divide 96134650?
False
Does 13 divide 190851516?
False
Does 727 divide 15665371?
False
Is 128019954 a multiple of 7?
False
Does 102 divide 633641442?
True
Is 199 a factor of 7856719?
True
Is 154 a factor of 10745583?
False
Is 353 a factor of 270178434?
True
Is 53 a factor of 273115466?
True
Is 16 a factor of 9958087?
False
Does 145 divide 51145270?
True
Is 198 a factor of 769234270?
False
Does 3 divide 198840?
True
Is 2066 a factor of 109989708?
True
Does 1522 divide 27713294?
False
Is 893667506 a multiple of 1781?
False
Is 84744004 a multiple of 706?
True
Is 45 a factor of 145836410?
False
Is 1584487654 a multiple of 138?
False
Is 58 a factor of 22598654?
False
Is 40 a factor of 68168741?
False
Is 73380789 a multiple of 3?
True
Is 8170844 a multiple of 161?
False
Is 160434148 a multiple of 1189?
True
Is 380 a factor of 43700?
True
Does 310 divide 81960900?
True
Is 14585438 a multiple of 217?
True
Is 2344 a factor of 299523296?
False
Does 13 divide 1162844859?
False
Is 68486960 a multiple of 2998?
False
Is 12741011 a multiple of 13?
False
Does 11 divide 34549792?
False
Is 2713 a factor of 2270534117?
True
Is 70090769 a multiple of 4?
False
Is 345 a factor of 124168605?
True
Does 668 divide 1541773711?
False
Is 1227 a factor of 2108146896?
False
Does 1443 divide 360523453?
False
Is 27248508 a multiple of 342?
True
Is 4651 a factor of 108063400?
False
Is 31 a factor of 3473638529?
False
Is 73022055 even?
False
Is 44013488 a multiple of 57?
False
Does 52 divide 10686832?
True
Does 205 divide 121785170?
True
Is 43 a factor of 13829101?
True
Does 12 divide 1573747016?
False
Is 71 a factor of 160172934?
False
Is 271928855 a multiple of 65?
False
Is 15238000 a multiple of 543?
False
Does 5 divide 299907?
False
Is 81 a factor of 48867486?
False
Is 147900493 a multiple of 598?
False
Is 1987668866 a multiple of 510?
False
Is 451 a factor of 858758120?
True
Does 420 divide 114039240?
True
Does 2524 divide 64234445?
False
Does 48 divide 5507743?
False
Does 61 divide 7498974?
True
Does 3 divide 78028642?
False
Is 1103 a factor of 63004463?
True
Does 23 divide 29648124?
False
Does 14 divide 163383304?
True
Does 130 divide 686211022?
False
Does 12 divide 39296328?
True
Is 575663089 a multiple of 4215?
False
Is 547176552 a multiple of 442?
True
Is 209076042 a multiple of 7?
True
Is 50825304 a multiple of 30?
False
Does 22 divide 3187646?
True
Is 2005 a factor of 88340300?
True
Does 297 divide 1919808?
True
Does 112 divide 429532544?
True
Is 780 a factor of 654216420?
True
Is 8 a factor of 161713172?
False
Does 13077 divide 1381239753?
False
Is 25 a factor of 26391108?
False
Does 4 divide 9114568?
True
Is 893 a factor of 25678215?
True
Is 141342539 a multiple of 247?
True
Is 1089286807 a multiple of 49?
True
Does 1104 divide 355839774?
False
Is 133 a factor of 419695066?
True
Is 1428435644 a multiple of 73?
False
Does 3 divide 314261?
False
Does 8 divide 4157292912?
True
Is 46477328 a multiple of 1224?
False
Is 16815481 a multiple of 7?
False
Is 187 a factor of 17845598?
False
Is 1714 a factor of 2176896552?
True
Does 80 divide 16690?
False
Is 38289779 a multiple of 20?
False
Is 216163783 a multiple of 1346?
False
Is 18160794 a multiple of 34?
True
Is 305078976 a multiple of 48?
True
Is 564395656 a multiple of 9?
False
Does 405 divide 67980173?
False
Does 7 divide 73311777?
True
Is 17604375 a multiple of 625?
True
Is 18 a factor of 517456512?
True
Does 1423 divide 8819006?
False
Is 14526560 a multiple of 10?
True
Does 4 divide 12553580?
True
Does 113 divide 19186270?
True
Is 152 a factor of 120627430?
False
Is 376 a factor of 10300144?
True
Is 66153461 a multiple of 5?
False
Is 16379727 a multiple of 91?
True
Is 95158 a multiple of 534?
False
Does 1079 divide 1627291692?
True
Does 963 divide 14573158?
False
Is 644 a factor of 175467600?
False
Is 470708307 a multiple of 27?
True
Does 15 divide 28831245?
True
Does 317 divide 64914626?
True
Is 6129980 a multiple of 106?
True
Is 92262850 a multiple of 3170?
True
Is 512275919 a multiple of 18?
False
Is 4461545 a multiple of 156?
False
Is 9185233 a multiple of 608?
False
Is 24 a factor of 24847158?
False
Does 339 divide 49258395?
True
Is 162461078 a multiple of 132?
False
Does 5 divide 353793344?
False
Does 10 divide 1477316558?
False
Is 286 a factor of 471079180?
True
Does 65 divide 18992480?
True
Does 452 divide 1129220752?
True
Does 214 divide 121151820?
True
Does 1543 divide 285102164?
False
Is 21327075 a multiple of 12?
False
Is 14749792 a multiple of 2848?
True
Is 5 a factor of 41657580?
True
Does 1142 divide 114860076?
True
Is 404841653 a multiple of 205?
False
Is 59 a factor of 130610837?
True
Is 601526448 a multiple of 3?
True
Does 158 divide 54820954?
False
Does 45 divide 34631640?
True
Is 1024 a factor of 40133632?
True
Does 4 divide 84941402?
False
Does 3303 divide 113758623?
True
Is 77292661 a multiple of 13?
False
Is 24 a factor of 67853597?
False
Is 183337743 a multiple o